t w be v(-7). Suppose 3*h - 4*h = -w. Calculate the greatest common divisor of 52 and h.
13
Let x be (126/(-210))/((-6)/550). Suppose 2*l - 7*l = -25. Calculate the greatest common factor of x and l.
5
Suppose -12*r = -r - 4312. What is the highest common factor of r and 49?
49
Suppose 2*p - 1 = p. Calculate the greatest common factor of p and 83.
1
Let k(n) = -5*n**3 - 1. Let b(h) = -h**2 - 4*h + 11. Let q be b(-6). Let a be k(q). Let s be (1 - 12)/(2/(-8)). What is the highest common divisor of a and s?
4
Suppose 3*j - 209 + 41 = -y, 2*j - 3*y = 112. Calculate the highest common factor of j and 672.
56
Let l = 10 + 4. What is the greatest common factor of l and 518?
14
Let x = 8 + -6. Let a be 330/15*x/4. Calculate the greatest common divisor of a and 22.
11
Suppose 127 = 7*i - 27. What is the greatest common divisor of 242 and i?
22
Suppose 0 = -7*h - 22*h + 609. What is the greatest common factor of h and 420?
21
Let c be 209 + (-5 - 4/(12/(-15))). What is the highest common factor of c and 19?
19
Suppose 3*b + 16*b - 2356 = 0. What is the highest common divisor of 31 and b?
31
Let g(c) = 8*c + 160. Let v be g(9). What is the greatest common factor of 8 and v?
8
Suppose 0 = 287*s - 291*s + 312. Calculate the greatest common factor of 338 and s.
26
Suppose 0 = -s + 4*c + 208, 5*c = 5*s - 3*s - 425. Let m be (-36)/(-2) - (-4)/2. Calculate the greatest common factor of s and m.
20
Suppose 9708 = 4*v + 4*g, 9713 = 4*v - 21*g + 26*g. What is the greatest common divisor of 14 and v?
14
Let m(z) = 5*z**2 + 2*z + 2. Let b be m(-1). Suppose -2*p = b*s - 364 - 16, -3*p + 560 = 5*s. What is the greatest common factor of 72 and p?
36
Let t = 3 - 5. Let r be (-6)/t + (25 - 3). Let c be (-80)/r*50/(-4). Calculate the highest common divisor of c and 10.
10
Let o(i) = 5 - 17*i - 3 + 4. Let d(m) = 6*m - 78. Let q be d(12). Let s be o(q). What is the highest common divisor of 12 and s?
12
Let g be 4*((-13)/(-4) + 1). Let k(o) = -o**2 - 7*o + 5. Let l be k(-6). Suppose 0 = l*a - 13*a + 238. What is the highest common factor of g and a?
17
Let r(m) = m**3 + 8*m**2 + 2*m + 8. Let y be r(-8). Let p be 2/y + 405/20. Suppose 0 = -0*v - 2*v + 100. What is the greatest common factor of v and p?
10
Suppose -3*s + 2*s + 3*a - 66 = 0, -3*a = -3*s - 222. Let g be 36/10 - (-3 - s/30). Let m be (4 + -1)*(-8)/(-6). What is the greatest common factor of g and m?
4
Let o be (-1)/3*2*(26 - 32). Suppose -o*d - 1064 = -12*d. What is the greatest common divisor of d and 19?
19
Let w(g) = 4*g**2 - 11*g + 2 + 8*g - g**3 + 2. Let i be w(3). Let k = 0 + i. Calculate the highest common factor of k and 4.
4
Suppose 5*r - 107 + 23 = -2*a, 4*a = 8. Calculate the greatest common factor of 12 and r.
4
Let o(y) = 2*y + 7. Let m be o(-10). Let r = m + 7. Let v be 42/49*(-28)/r. Calculate the highest common factor of v and 10.
2
Let y(f) = f + 64. Let v be y(-13). What is the greatest common divisor of 561 and v?
51
Let f(d) = d**2 - 3*d + 2. Suppose -4 = 4*a - 6*a. Let v be f(a). Let m be (v - 1)*(1 - 5). What is the highest common factor of m and 20?
4
Suppose 5*c = -5*h + 285, 3*c - 6*h - 156 = -4*h. Calculate the greatest common factor of 6 and c.
6
Let r(h) = 17*h - 8. Let b be r(2). Calculate the greatest common factor of b and 182.
26
Suppose 5*l - 11 = 5*i + 339, -2*i - 70 = -l. Let h = -16 + 15. Let k be (-15)/5 - (h - 12). Calculate the highest common divisor of k and l.
10
Let l be (-70)/(-4) - (-2)/(-4). Suppose -3*w - 3*d + l = -w, -4*w + 69 = -d. Let n = 4 - -44. Calculate the greatest common divisor of w and n.
16
Suppose 5*f = -4*o + f + 16, -o + 5*f = -4. Let b = -39 - -33. Let n(q) = 3*q**2 + 7*q - 26. Let y be n(b). What is the highest common factor of o and y?
4
Suppose 2*u + 28 = 5*u - w, 5*u + w = 60. Let s be (-2)/8 - (-2114)/8. Suppose -v = -4*v + s. What is the greatest common divisor of u and v?
11
Let b = -220 + 248. What is the highest common factor of 364 and b?
28
Let b = 3 - 1. Suppose 5*g - 75 = -0*g + v, g - 2*v - 24 = 0. Let u = g - 12. What is the greatest common divisor of b and u?
2
Let h = 71 - 65. Calculate the greatest common divisor of 81 and h.
3
Let n = -155 - -479. Suppose 5*y - 180 = -0*y. Calculate the greatest common divisor of y and n.
36
Let f = 23 + -20. Suppose f*s - 3 = 24. Let v(m) = -4*m - 2. Let n be v(-5). What is the highest common factor of n and s?
9
Let j be -2 + 8 - (0 - -3). Suppose -2*l - l - 3*y + j = 0, -4*l = -3*y + 31. Let z be (6/l)/(8/(-48)). Calculate the highest common factor of 27 and z.
9
Let u(q) = 2*q**2 - q + 1. Let a be u(1). Suppose a*g + 3*g = 0. Let h = g + 16. Calculate the highest common divisor of 40 and h.
8
Let d be (-1)/4 + 114/(-24). Let v be -1*(2 + 1) - d. Let j be -309*(v + -3) - 1. Calculate the highest common factor of 28 and j.
28
Suppose 2*j - 167 = -t, -j = 3*t - 2*j - 494. Suppose 0 = -2*k + x + 28, x + 3 = 5. Calculate the highest common factor of t and k.
15
Let x be 8*(1 - 9/(-2)). Suppose -4*m - 500 = -0*c - c, 0 = m - c + 128. Let k be 3*(m/(-12) + -3). What is the greatest common factor of k and x?
22
Let t = 78 + -74. Suppose t*j - 36 = -5*m, -5*j = -2*m + 3*m - 24. Calculate the greatest common factor of 4 and j.
4
Let g be (-3 - (-3523)/(-13))*-7. What is the highest common factor of 14 and g?
14
Suppose 6*n + 2588 = 24548. Calculate the greatest common factor of 60 and n.
60
Suppose -4*o + 9*o = 15. Suppose 800 = -o*s + 11*s. Calculate the highest common divisor of 40 and s.
20
Let i = -37 - -63. Calculate the greatest common divisor of i and 1222.
26
Let k(h) = -h**3 + 8*h**2 + 2*h + 39. Let r be k(8). Suppose 0 = -3*y + 2*o - 0*o + 19, y = -o + 3. What is the greatest common divisor of y and r?
5
Let u(s) = 15*s + 7 + 22*s**2 + 0 + 5*s + 5*s**3 - 4*s**3. Let x be u(-21). What is the highest common divisor of x and 4?
4
Let f(r) = -2*r**3 + 44*r**2 + 63*r - 139. Let b be f(23). What is the highest common factor of b and 28?
28
Let x(a) = a**3 + 60*a**2 + 105*a - 120. Let l be x(-58). Calculate the highest common divisor of l and 28.
14
Suppose 33*z - 29*z = 0. Suppose 3*k + 0*j - j - 51 = z, 3*j + 63 = 4*k. Suppose m - 2*p = -4, m = -p + 2 + 3. Calculate the highest common divisor of k and m.
2
Suppose 2*a + 8 = 6*a. Suppose 7 = -a*t - 7. Let w be 2/t - 180/(-42). Calculate the highest common factor of w and 2.
2
Let p = 5 + 3. Let l = -910 + 974. Calculate the highest common divisor of l and p.
8
Suppose -5*v = 69 - 239. Calculate the greatest common factor of 34 and v.
34
Let y(n) = 2*n - 1. Let o be y(3). Let b(d) = d**2 + 3*d - 8. Let t be b(o). Let s be (-94)/(-6) + (-1)/(-3). What is the highest common factor of s and t?
16
Let m = 167 - -153. Suppose -8*w + m = -4*w. Suppose -3*y + 80 = -0*c - 4*c, -c = y - 36. Calculate the greatest common factor of y and w.
16
Suppose -3*f + 2*f = -119. Let l(i) = -i - 13. Let q be l(-16). Suppose -48 = -0*d - 3*d - q*k, -2*k = 2. What is the greatest common factor of d and f?
17
Let o be ((-16)/(-6))/((-4)/12). Let i be o*(-2)/((-4)/(-1)). Let u be (0 - (1 - i)) + 7. What is the highest common factor of 80 and u?
10
Let h(x) = -2*x + 1. Let t be h(-1). Suppose j = -3*o + 205, -365 = -2*o - 3*o + t*j. Calculate the highest common factor of o and 28.
14
Let v be 12/20*(-5)/(-1). Suppose -5*o + 25 = -2*p, 0 = -2*o + v*p - 7*p + 10. Calculate the greatest common factor of o and 40.
5
Suppose 11*c = 16*c - 175. Suppose 5*m - c - 82 = f, 4*m - 81 = 5*f. Suppose 0 = -0*q + 3*q - 180. Calculate the greatest common divisor of q and m.
12
Suppose -896*d + 883*d = -546. Calculate the greatest common divisor of d and 147.
21
Suppose -r = 2, 4*u - 6 = -3*r - 0*r. Suppose -h = u*h - 168. Calculate the highest common factor of 210 and h.
42
Let n(q) be the second derivative of 0 + 2/3*q**3 - q**2 + 7*q. Let p be n(8). Calculate the greatest common divisor of p and 10.
10
Let h(p) = -32*p + 5. Let s be (2 + 2)/(-2 - -1). Let m be h(s). Suppose -4*d = -5*w - 51, w - 1 = 4. What is the greatest common divisor of m and d?
19
Suppose -7*l + 267 = -1399. Calculate the highest common factor of l and 34.
34
Suppose 3*w = 2*w - 5. Let f(p) = 64 + 56 + 3*p + p**2 - 123. Let v be f(w). Calculate the greatest common factor of v and 77.
7
Let s = 711 - 525. What is